of 31954.
2, 13, 1229
List the prime factors of 2189.
11, 199
What are the prime factors of 36330?
2, 3, 5, 7, 173
List the prime factors of 4846.
2, 2423
What are the prime factors of 3761?
3761
List the prime factors of 508.
2, 127
List the prime factors of 41860.
2, 5, 7, 13, 23
What are the prime factors of 557?
557
List the prime factors of 516.
2, 3, 43
List the prime factors of 2196.
2, 3, 61
What are the prime factors of 81686?
2, 11, 47, 79
List the prime factors of 19839.
3, 17, 389
What are the prime factors of 1412?
2, 353
List the prime factors of 13061.
37, 353
What are the prime factors of 62684?
2, 15671
What are the prime factors of 396?
2, 3, 11
What are the prime factors of 20746?
2, 11, 23, 41
What are the prime factors of 17085?
3, 5, 17, 67
What are the prime factors of 862?
2, 431
What are the prime factors of 11339?
17, 23, 29
What are the prime factors of 6195?
3, 5, 7, 59
What are the prime factors of 6184?
2, 773
What are the prime factors of 2808?
2, 3, 13
What are the prime factors of 263?
263
What are the prime factors of 980?
2, 5, 7
What are the prime factors of 2414?
2, 17, 71
What are the prime factors of 41819?
19, 31, 71
List the prime factors of 57777.
3, 19259
What are the prime factors of 1234?
2, 617
List the prime factors of 58880.
2, 5, 23
List the prime factors of 2055.
3, 5, 137
List the prime factors of 6987.
3, 17, 137
List the prime factors of 559.
13, 43
What are the prime factors of 4440?
2, 3, 5, 37
What are the prime factors of 40564?
2, 10141
List the prime factors of 1335.
3, 5, 89
List the prime factors of 4464.
2, 3, 31
What are the prime factors of 3535?
5, 7, 101
What are the prime factors of 1234?
2, 617
What are the prime factors of 38845?
5, 17, 457
List the prime factors of 14358.
2, 3, 2393
List the prime factors of 633.
3, 211
What are the prime factors of 102445?
5, 7, 2927
What are the prime factors of 2198?
2, 7, 157
List the prime factors of 427.
7, 61
What are the prime factors of 3263?
13, 251
What are the prime factors of 1326?
2, 3, 13, 17
List the prime factors of 6897.
3, 11, 19
What are the prime factors of 566?
2, 283
List the prime factors of 20342.
2, 7, 1453
List the prime factors of 1698.
2, 3, 283
What are the prime factors of 1231?
1231
List the prime factors of 41392.
2, 13, 199
List the prime factors of 565.
5, 113
What are the prime factors of 47476?
2, 11, 13, 83
List the prime factors of 54454.
2, 19, 1433
What are the prime factors of 55644?
2, 3, 4637
List the prime factors of 211.
211
List the prime factors of 74401.
47, 1583
What are the prime factors of 81129?
3, 27043
List the prime factors of 26213.
11, 2383
What are the prime factors of 5463?
3, 607
List the prime factors of 25878.
2, 3, 19, 227
List the prime factors of 4826.
2, 19, 127
What are the prime factors of 460?
2, 5, 23
List the prime factors of 109638.
2, 3, 6091
What are the prime factors of 26787?
3, 8929
What are the prime factors of 971?
971
What are the prime factors of 6947?
6947
What are the prime factors of 1561?
7, 223
List the prime factors of 929.
929
What are the prime factors of 17857?
7, 2551
What are the prime factors of 2504?
2, 313
What are the prime factors of 6762?
2, 3, 7, 23
What are the prime factors of 914?
2, 457
What are the prime factors of 1211?
7, 173
List the prime factors of 2536.
2, 317
What are the prime factors of 11856?
2, 3, 13, 19
List the prime factors of 12808.
2, 1601
What are the prime factors of 6341?
17, 373
What are the prime factors of 3747?
3, 1249
What are the prime factors of 54130?
2, 5, 5413
What are the prime factors of 7956?
2, 3, 13, 17
List the prime factors of 30512.
2, 1907
What are the prime factors of 5229?
3, 7, 83
What are the prime factors of 1199?
11, 109
List the prime factors of 14991.
3, 19, 263
What are the prime factors of 115?
5, 23
List the prime factors of 4754.
2, 2377
What are the prime factors of 13170?
2, 3, 5, 439
What are the prime factors of 587?
587
What are the prime factors of 71607?
3, 23869
List the prime factors of 888.
2, 3, 37
What are the prime factors of 121?
11
List the prime factors of 2196.
2, 3, 61
List the prime factors of 5440.
2, 5, 17
List the prime factors of 3045.
3, 5, 7, 29
List the prime factors of 3845.
5, 769
List the prime factors of 1209.
3, 13, 31
List the prime factors of 31402.
2, 7, 2243
What are the prime factors of 92915?
5, 18583
List the prime factors of 621.
3, 23
What are the prime factors of 52534?
2, 26267
List the prime factors of 3987.
3, 443
List the prime factors of 18870.
2, 3, 5, 17, 37
List the prime factors of 51502.
2, 11, 2341
List the prime factors of 4195.
5, 839
What are the prime factors of 63?
3, 7
List the prime factors of 109767.
3, 7, 5227
What are the prime factors of 13836?
2, 3, 1153
What are the prime factors of 15299?
15299
What are the prime factors of 14963?
13, 1151
What are the prime factors of 60711?
3, 7, 59
What are the prime factors of 1347?
3, 449
List the prime factors of 1864.
2, 233
List the prime factors of 1982.
2, 991
List the prime factors of 9941.
9941
List the prime factors of 5192.
2, 11, 59
List the prime factors of 3480.
2, 3, 5, 29
What are the prime factors of 3542?
2, 7, 11, 23
List the prime factors of 3490.
2, 5, 349
What are the prime factors of 961?
31
What are the prime factors of 1523?
1523
List the prime factors of 640.
2, 5
What are the prime factors of 32211?
3, 1193
What are the prime factors of 18109?
7, 13, 199
What are the prime factors of 82255?
5, 16451
List the prime factors of 7319.
13, 563
List the prime factors of 1513.
17, 89
What are the prime factors of 50493?
3, 16831
List the prime factors of 26510.
2, 5, 11, 241
List the prime factors of 21042.
2, 3, 7, 167
What are the prime factors of 14346?
2, 3, 797
What are the prime factors of 1839?
3, 613
What are the prime factors of 2127?
3, 709
What are the prime factors of 955?
5, 191
List the prime factors of 1003.
17, 59
List the prime factors of 3582.
2, 3, 199
List the prime factors of 26967.
3, 89, 101
What are the prime factors of 2564?
2, 641
List the prime factors of 1088.
2, 17
List the prime factors of 1079.
13, 83
List the prime factors of 81422.
2, 11, 3701
What are the prime factors of 65817?
3, 71, 103
List the prime factors of 20997.
3, 2333
What are the prime factors of 5012?
2, 7, 179
List the prime factors of 5295.
3, 5, 353
List the prime factors of 576.
2, 3
What are the prime factors of 6696?
2, 3, 31
List the prime factors of 1676.
2, 419
What are the prime factors of 39621?
3, 47, 281
List the prime factors of 8031.
3, 2677
List the prime factors of 11693.
11, 1063
List the prime factors of 205.
5, 41
What are the prime factors of 147913?
23, 59, 109
What are the prime factors of 2373?
3, 7, 113
What are the prime factors of 680?
2, 5, 17
List the prime factors of 2371.
2371
What are the prime factors of 3433?
3433
List the prime factors of 715.
5, 11, 13
List the prime factors of 24314.
2, 12157
What are the prime factors of 37358?
2, 18679
List the prime factors of 4000.
2, 5
List the prime factors of 8757.
3, 7, 139
List the prime factors of 7843.
11, 23, 31
What are the prime factors of 1641?
3, 547
What are the prime factors of 572?
2, 11, 13
What are the prime factors of 709?
709
List the prime factors of 3268.
2, 19, 43
What are the prime factors of 34700?
2, 5, 347
List the prime factors of 250.
2, 5
What are the prime factors of 1115?
5, 223
List the prime factors of 3070.
2, 5, 307
What are the prime factors of 596?
2, 149
List the prime factors of 17655.
3, 5, 11, 107
What are the prime factors of 13608?
2, 3, 7
What are the prime factors of 23751?
3, 7, 13, 29
What are the prime factors of 48347?
13, 3719
What are the prime factors of 2389?
2389
What are the prime factors of 47993?
11, 4363
List the prime factors of 16130.
2, 5, 1613
List the prime factors of 2047.
23, 89
What are the prime factors of 58210?
2, 5, 5821
List the prime factors of 14757.
3, 4919
List the prime factors of 3759.
3, 7, 179
What are the prime factors of 1534?
2, 13, 59
What are the prime factors of 75751?
13, 5827
List the prime factors of 155450.
2, 5, 3109
List the prime factors of 2062.
2, 1031
What are the prime factors of 77552?
2, 37, 131
L